ommon factor of 54 and 414?
18
Calculate the highest common divisor of 106 and 8.
2
What is the highest common factor of 395 and 158?
79
What is the highest common factor of 299 and 13?
13
What is the greatest common factor of 2354 and 66?
22
What is the greatest common factor of 24 and 21?
3
What is the greatest common divisor of 5470 and 15?
5
What is the greatest common divisor of 60871 and 29?
29
Calculate the greatest common factor of 754 and 728.
26
What is the highest common divisor of 162 and 8343?
81
Calculate the highest common divisor of 8 and 74.
2
What is the greatest common factor of 504 and 88?
8
What is the greatest common factor of 252 and 28?
28
Calculate the highest common divisor of 86736 and 139.
139
Calculate the highest common factor of 46206 and 151.
151
What is the highest common divisor of 3170 and 10?
10
Calculate the greatest common factor of 3735 and 105.
15
Calculate the highest common factor of 128 and 632.
8
What is the highest common divisor of 35 and 427?
7
What is the greatest common factor of 30 and 12945?
15
Calculate the greatest common divisor of 145 and 15.
5
Calculate the highest common divisor of 14 and 1253.
7
Calculate the highest common factor of 2804 and 12.
4
Calculate the highest common factor of 21 and 1071.
21
What is the greatest common divisor of 1953 and 1736?
217
What is the highest common divisor of 111 and 6?
3
Calculate the greatest common factor of 96 and 9888.
96
Calculate the greatest common factor of 88 and 220.
44
Calculate the highest common divisor of 5715 and 45.
45
Calculate the highest common divisor of 56 and 232.
8
Calculate the highest common factor of 253 and 121.
11
What is the highest common divisor of 640 and 50?
10
What is the highest common factor of 234 and 54?
18
What is the greatest common divisor of 70 and 5635?
35
Calculate the highest common factor of 1335 and 15.
15
What is the highest common divisor of 126 and 364?
14
What is the highest common divisor of 204 and 36?
12
What is the highest common factor of 8 and 844?
4
What is the highest common divisor of 144 and 4014?
18
Calculate the greatest common divisor of 404 and 24.
4
Calculate the highest common factor of 285 and 38.
19
Calculate the greatest common divisor of 3660 and 2013.
183
What is the highest common divisor of 14 and 9226?
14
Calculate the highest common factor of 10 and 3845.
5
Calculate the highest common divisor of 81 and 54.
27
What is the greatest common factor of 270 and 130?
10
Calculate the highest common divisor of 14 and 4739.
7
What is the greatest common factor of 319 and 29?
29
What is the greatest common divisor of 1414 and 28?
14
Calculate the greatest common divisor of 108 and 564.
12
What is the highest common factor of 1053 and 13?
13
What is the greatest common divisor of 135 and 75?
15
Calculate the greatest common factor of 1369 and 37.
37
Calculate the highest common factor of 396 and 2200.
44
Calculate the highest common factor of 156 and 6604.
52
What is the highest common divisor of 11 and 1991?
11
Calculate the greatest common divisor of 3759 and 42.
21
Calculate the highest common factor of 130 and 25090.
130
What is the greatest common factor of 22 and 23518?
22
What is the greatest common divisor of 351 and 26?
13
Calculate the highest common divisor of 14060 and 4.
4
Calculate the highest common divisor of 108 and 27.
27
What is the highest common divisor of 5185 and 610?
305
Calculate the highest common divisor of 72 and 36.
36
Calculate the greatest common divisor of 775 and 217.
31
Calculate the greatest common divisor of 116 and 3219.
29
Calculate the greatest common divisor of 2064 and 360.
24
What is the greatest common factor of 14406 and 147?
147
What is the greatest common divisor of 23 and 207?
23
Calculate the highest common factor of 24 and 312.
24
Calculate the highest common factor of 104 and 10348.
52
What is the highest common factor of 353 and 3?
1
What is the highest common factor of 1005 and 10?
5
Calculate the highest common factor of 97759 and 29.
29
Calculate the greatest common factor of 1068 and 24.
12
What is the greatest common factor of 4420 and 80?
20
Calculate the greatest common factor of 783 and 87.
87
What is the greatest common factor of 2834 and 7412?
218
Calculate the highest common divisor of 19 and 21451.
19
Calculate the greatest common divisor of 138 and 246.
6
Calculate the greatest common divisor of 5989 and 53.
53
What is the greatest common factor of 1474 and 22?
22
Calculate the highest common divisor of 150 and 51.
3
What is the greatest common divisor of 114 and 152?
38
Calculate the greatest common divisor of 8 and 19528.
8
Calculate the highest common divisor of 55 and 5665.
55
Calculate the highest common divisor of 144 and 384.
48
Calculate the greatest common divisor of 56 and 154.
14
What is the highest common divisor of 42 and 966?
42
Calculate the greatest common factor of 77 and 11.
11
What is the highest common divisor of 12 and 57?
3
Calculate the greatest common divisor of 11 and 262.
1
Calculate the highest common factor of 7 and 1442.
7
What is the highest common divisor of 1744 and 80?
16
What is the greatest common divisor of 70 and 80?
10
Calculate the highest common divisor of 100 and 12380.
20
Calculate the highest common factor of 152 and 2432.
152
Calculate the greatest common divisor of 172 and 8.
4
What is the greatest common factor of 1331 and 11?
11
Calculate the greatest common divisor of 26 and 2106.
26
Calculate the greatest common divisor of 134311 and 19.
19
Calculate the greatest common factor of 261 and 177.
3
Calculate the greatest common factor of 65 and 25.
5
Calculate the highest common factor of 9 and 633.
3
What is the greatest common divisor of 237 and 21172?
79
What is the greatest common divisor of 16 and 1648?
16
What is the highest common divisor of 13 and 13?
13
Calculate the greatest common divisor of 25 and 1215.
5
What is the greatest common factor of 1316 and 63?
7
What is the greatest common factor of 232 and 377?
29
Calculate the highest common factor of 1125 and 18.
9
What is the highest common factor of 21 and 3115?
7
What is the highest common factor of 15089 and 764?
191
What is the greatest common factor of 441 and 63?
63
Calculate the highest common divisor of 68 and 16.
4
Calculate the highest common divisor of 6 and 276.
6
Calculate the highest common divisor of 136 and 9656.
136
Calculate the greatest common factor of 3052 and 28.
28
What is the greatest common factor of 12 and 25188?
12
Calculate the greatest common divisor of 1584 and 1980.
396
Calculate the highest common factor of 164 and 5125.
41
Calculate the greatest common factor of 2960 and 1332.
148
What is the greatest common divisor of 528 and 48?
48
Calculate the highest common factor of 66 and 352.
22
Calculate the highest common divisor of 496 and 1364.
124
Calculate the highest common divisor of 185 and 74.
37
What is the highest common factor of 14 and 434?
14
What is the greatest common divisor of 18 and 5598?
18
What is the greatest common divisor of 483 and 21?
21
What is the greatest common divisor of 945 and 140?
35
Calculate the highest common factor of 870 and 406.
58
What is the greatest common divisor of 71 and 1136?
71
Calculate the highest common divisor of 23 and 391.
23
What is the highest common divisor of 21 and 2163?
21
Calculate the greatest common divisor of 108 and 2673.
27
What is the highest common divisor of 1853 and 109?
109
Calculate the highest common factor of 253 and 92.
23
Calculate the greatest common factor of 871 and 2211.
67
What is the greatest common divisor of 1038 and 24?
6
Calculate the greatest common divisor of 10 and 2115.
5
Calculate the highest common factor of 63 and 672.
21
What is the highest common factor of 20772 and 24?
12
What is the highest common factor of 4526 and 219?
73
What is the highest common factor of 1770 and 20?
10
What is the highest common divisor of 24 and 4752?
24
What is the greatest common factor of 6020 and 350?
70
Calculate the highest common factor of 176 and 253.
11
Calculate the greatest common divisor of 459 and 54.
27
What is the greatest common divisor of 36240 and 80?
80
Calculate the greatest common factor of 50 and